10121
-2405 (base 6) to base 8
-1105
220a (base 14) to base 11
4475
Convert -29b (base 15) to base 10.
-596
What is 11452 (base 7) in base 13?
1480
-21205 (base 7) to base 4
-1102000
What is -565 (base 7) in base 2?
-100100100
Convert 7123 (base 8) to base 14.
149d
What is -3023 (base 4) in base 5?
-1303
-47077 (base 8) to base 5
-1120111
1103022 (base 4) to base 6
40350
-7464 (base 8) to base 11
-2a19
Convert 100101000 (base 2) to base 7.
602
What is -848 (base 11) in base 14?
-52c
Convert 832 (base 10) to base 11.
697
What is 1939c (base 14) in base 16?
f95e
323 (base 10) to base 15
168
What is -908 (base 16) in base 5?
-33222
What is 374a (base 12) in base 13?
2aca
What is 3b0 (base 12) in base 14?
2c4
What is 440 (base 9) in base 7?
1023
Convert -363 (base 8) to base 14.
-135
Convert 6645 (base 7) to base 4.
211101
Convert -547 (base 10) to base 9.
-667
What is 1c166 (base 13) in base 15?
11538
What is 6011 (base 10) in base 12?
358b
635 (base 7) to base 16
140
Convert 2c6b (base 16) to base 4.
2301223
What is -2043 (base 5) in base 9?
-333
Convert 1112 (base 3) to base 8.
51
What is -138a (base 14) in base 8?
-6576
-1001101111000 (base 2) to base 4
-1031320
Convert -10612 (base 8) to base 2.
-1000110001010
-2a2e (base 15) to base 11
-6882
Convert 3825 (base 10) to base 3.
12020200
What is 2402412 (base 5) in base 7?
242410
What is 10203303 (base 4) in base 13?
8667
-100001001 (base 2) to base 8
-411
b97 (base 15) to base 16
a39
-443 (base 11) to base 15
-256
What is -344334 (base 6) in base 3?
-1111110211
What is 10111044 (base 5) in base 16?
14068
2311 (base 4) to base 16
b5
What is 998 (base 16) in base 4?
212120
13331022 (base 4) to base 14
bc38
What is -32411 (base 6) in base 15?
-14d1
What is -1475 (base 14) in base 11?
-2801
Convert -154004 (base 6) to base 5.
-440444
Convert -2d78 (base 16) to base 7.
-45636
Convert -100010100 (base 2) to base 13.
-183
Convert -10647 (base 12) to base 4.
-11102113
-1044030 (base 6) to base 3
-2200022200
-2461 (base 10) to base 2
-100110011101
Convert -36e9 (base 15) to base 5.
-333234
What is -323104 (base 5) in base 12?
-6471
What is 13324 (base 5) in base 15?
4c9
What is -1754 (base 13) in base 5?
-102244
What is 4210 (base 9) in base 16?
c0f
What is -416 (base 15) in base 12?
-649
What is -103 (base 7) in base 8?
-64
What is 2210313 (base 4) in base 14?
3bb9
-1011001010100 (base 2) to base 13
-27a9
-4045 (base 14) to base 2
-10101100011101
What is -1201022 (base 3) in base 16?
-4e2
What is 2133 (base 7) in base 14?
3c3
Convert -28775 (base 10) to base 8.
-70147
-576c (base 15) to base 2
-100100001111000
Convert 1699 (base 12) to base 8.
5225
What is 1178 (base 12) in base 9?
2622
-95 (base 13) to base 12
-a2
Convert 23a93 (base 11) to base 12.
18023
Convert 5a00 (base 12) to base 6.
114400
-143303 (base 5) to base 10
-6078
What is -b358 (base 12) in base 6?
-230152
-2187 (base 9) to base 5
-22433
Convert 204030 (base 5) to base 13.
3105
-63261 (base 9) to base 7
-232531
-16595 (base 11) to base 5
-1221321
243 (base 15) to base 4
20001
Convert 1310 (base 5) to base 4.
3031
What is 22232 (base 7) in base 13?
2726
What is 100111001010010 (base 2) in base 15?
5e1a
What is -4245 (base 14) in base 2?
-10110010100101
-9a7 (base 14) to base 9
-2553
What is 68 (base 16) in base 9?
125
Convert -648c (base 14) to base 2.
-100001111011100
19033 (base 10) to base 8
45131
-4402 (base 11) to base 10
-5810
4055 (base 6) to base 8
1603
What is -53456 (base 8) in base 5?
-1203233
What is -2689 (base 11) in base 3?
-11210002
Convert -e14 (base 15) to base 5.
-100134
730 (base 15) to base 12
b30
What is 2511 (base 6) in base 14?
323
What is -13414 (base 6) in base 14?
-a9c
-6464 (base 7) to base 6
-14352
-10110000000011 (base 2) to base 3
-120110022
Convert 72 (base 15) to base 3.
10222
Convert 2880 (base 15) to base 6.
104050
101111010110 (base 2) to base 8
5726
Convert -1023131 (base 5) to base 10.
-17291
1200a (base 11) to base 8
41641
What is -384 (base 9) in base 16?
-13f
What is 3425 (base 12) in base 2?
1011010011101
What is -8cb (base 14) in base 5?
-23442
Convert -10451 (base 6) to base 8.
-2677
Convert 142 (base 13) to base 5.
1343
What is 1201 (base 16) in base 14?
1973
What is 11205 (base 7) in base 4?
230133
Convert 11111113 (base 4) to base 11.
15461
What is -18312 (base 9) in base 10?
-12647
Convert 73b4 (base 12) to base 3.
122101001
-5a7b (base 12) to base 13
-4829
What is 4468 (base 10) in base 11?
33a2
448 (base 10) to base 13
286
What is 20202 (base 3) in base 7?
350
-1446 (base 14) to base 9
-4828
What is 1000242 (base 5) in base 8?
36521
Convert 2423 (base 5) to base 14.
1bd
What is 122303 (base 5) in base 3?
20110012
What is -3404000 (base 5) in base 4?
-32213203
What is 101101101011 (base 2) in base 13?
143b
What is 103 (base 14) in base 11?
171
-1112 (base 15) to base 10
-3617
What is 110110110 (base 2) in base 9?
536
-101001101000011 (base 2) to base 15
-64b0
What is 714 (base 13) in base 14?
61a
Convert 6159 (base 12) to base 7.
42564
Convert 3a0d (base 14) to base 8.
23735
Convert 10222 (base 5) to base 8.
1257
Convert -12805 (base 9) to base 7.
-34166
Convert 683 (base 10) to base 14.
36b
-2021 (base 5) to base 16
-105
Convert -1565 (base 7) to base 13.
-39b
What is -200201 (base 3) in base 7?
-1321
What is -13161 (base 10) in base 13?
-5cb5
Convert -144 (base 9) to base 11.
-100
Convert -f2 (base 16) to base 4.
-3302
260 (base 7) to base 13
aa
Convert -112010200 (base 3) to base 14.
-3a81
-212102122 (base 3) to base 8
-41271
526 (base 10) to base 11
439
What is -50 (base 16) in base 10?
-80
What is 863 (base 11) in base 7?
3011
Convert -1000110 (base 2) to base 9.
-77
Convert -11366 (base 7) to base 4.
-231323
2201133 (base 5) to base 10
37668
What is -222 (base 12) in base 11?
-266
Convert -12100 (base 10) to base 6.
-132004
Convert -4362 (base 11) to base 6.
-42351
Convert eba0 (base 15) to base 11.
34521
Convert 100001110011101 (base 2) to base 7.
101315
-76c8 (base 15) to base 11
-179a6
Convert 16517 (base 8) to base 10.
7503
-202020 (base 5) to base 15
-1de0
What is -100 (base 9) in base 2?
-1010001
Convert 1002 (base 3) to base 10.
29
Convert 22351 (base 6) to base 15.
e0d
What is -2d97 (base 14) in base 10?
-8169
-103061 (base 7) to base 11
-12484
a65 (base 13) to base 3
2102200
What is 2701 (base 8) in base 16?
5c1
Convert -258 (base 16) to base 9.
-736
Convert 1133 (base 5) to base 3.
20020
What is -4242 (base 6) in base 12?
-682
Convert 1156 (base 7) to base 12.
301
Convert -aa (base 12) to base 8.
-202
Convert -c17 (base 16) to base 4.
-300113
What is -a31 (base 15) in base 10?
-2296
Convert -122113 (base 6) to base 2.
-10101001011101
Convert 41000 (base 5) to base 8.
5101
What is 10000110101 (base 2) in base 13?
64b
What is -240022 (base 5) in base 6?
-104322
1363 (base 7) to base 3
201211
-1128 (base 9) to base 15
-3ab
23742 (base 9) to base 5
1002124
Convert -142201 (base 5) to base 10.
-5926
What is -20155 (base 9) in base 16?
-33c5
-7636 (base 9) to base 11
-4251
-1310314 (base 5) to base 4
-12101231
-221123 (base 5) to base 14
-2b15
Convert -2896 (base 11) to base 2.
-111010010111
-487 (base 16) to base 7
-3244
Convert -133220 (base 7) to base 3.
-1021111112
Convert -246f (base 16) to base 15.
-2b6c
What is 10010020 (base 3) in base 14?
b86
Convert -2206 (base 12) to base 10.
-3750
122b8 (base 13) to base 12
17430
-110110011 (base 2) to base 14
-231
-11100111011 (base 2) to base 16
-73b
What is -360 (base 8) in base 3?
-22220
-1400 (base 8) to base 2
-1100000000
-10a5 (base 16) to base 8
-10245
What is -4301 (base 8) in base 13?
-1035
-17611 (base 8) to base 2
-1111110001001
Convert 25693 (base 11) to base 16.
8f9d
Convert 2da (base 16) to base 4.
23122
Convert 2024 (base 6) to base 7.
1210
Convert -48a4 (base 11) to base 6.
-45354
Convert -28ad (base 15) to base 6.
-104201
Convert -2467 (base 10) to base 2.
-100110100011
Convert -1bc (base 14) to base 16.
-16a
What is 415 (base 11) in base 9?
615
Convert -37326 (base 8) to base 5.
-1003321
Convert 3313 (base 4) to base 8.
367
Convert 23512 (base 7) to base 14.
2309
310520 (base 6) to base 8
60360
Convert 278 (base 12) to base 3.
112002
Convert 392 (base 14) to base 8.
1314
What is -466 (base 13) in base 4?
-23320